igit of 182966525?
5
What is the units digit of 180224523?
3
What is the hundred thousands digit of 17922041?
9
What is the ten millions digit of 382820505?
8
What is the thousands digit of 56485984?
5
What is the thousands digit of 242386418?
6
What is the units digit of 2071503615?
5
What is the hundred thousands digit of 1064450036?
4
What is the units digit of 25835722?
2
What is the thousands digit of 77795766?
5
What is the hundred thousands digit of 8520113?
5
What is the ten thousands digit of 56844969?
4
What is the hundreds digit of 60633670?
6
What is the millions digit of 21154613?
1
What is the millions digit of 45241604?
5
What is the tens digit of 20022547?
4
What is the units digit of 767970293?
3
What is the hundreds digit of 48505886?
8
What is the thousands digit of 133329414?
9
What is the ten millions digit of 75575045?
7
What is the hundred thousands digit of 210057677?
0
What is the hundred millions digit of 3519596354?
5
What is the hundred millions digit of 4034735861?
0
What is the thousands digit of 49448913?
8
What is the hundred thousands digit of 88028720?
0
What is the tens digit of 191250586?
8
What is the hundred millions digit of 297942042?
2
What is the hundred thousands digit of 5695889?
6
What is the ten thousands digit of 468930450?
3
What is the ten thousands digit of 69408728?
0
What is the hundred thousands digit of 114180815?
1
What is the units digit of 39118896?
6
What is the hundred thousands digit of 2957524483?
5
What is the hundreds digit of 1677943253?
2
What is the millions digit of 2964734563?
4
What is the hundred millions digit of 1042543252?
0
What is the hundred millions digit of 179654612?
1
What is the hundred thousands digit of 623889914?
8
What is the millions digit of 6040879815?
0
What is the tens digit of 48311889?
8
What is the millions digit of 366136863?
6
What is the hundred thousands digit of 24887196?
8
What is the millions digit of 46505165?
6
What is the billions digit of 1812705155?
1
What is the hundred thousands digit of 49667700?
6
What is the ten millions digit of 2226495107?
2
What is the ten thousands digit of 3698388?
9
What is the hundred millions digit of 152512458?
1
What is the thousands digit of 8444561?
4
What is the hundreds digit of 654766173?
1
What is the hundred millions digit of 211362247?
2
What is the hundred thousands digit of 1128115908?
1
What is the thousands digit of 107972903?
2
What is the millions digit of 97239230?
7
What is the units digit of 2503259363?
3
What is the ten millions digit of 11584429?
1
What is the hundreds digit of 260701331?
3
What is the thousands digit of 352747109?
7
What is the ten thousands digit of 15765742?
6
What is the hundred thousands digit of 1303887126?
8
What is the millions digit of 73493771?
3
What is the hundred thousands digit of 32309739?
3
What is the thousands digit of 69844012?
4
What is the thousands digit of 50413201?
3
What is the units digit of 142045228?
8
What is the hundreds digit of 8416603059?
0
What is the ten millions digit of 72263331?
7
What is the units digit of 205331207?
7
What is the thousands digit of 182596577?
6
What is the ten thousands digit of 61426542?
2
What is the ten thousands digit of 1159449063?
4
What is the hundred millions digit of 315215389?
3
What is the millions digit of 57636309?
7
What is the ten millions digit of 2461563730?
6
What is the ten millions digit of 2192501538?
9
What is the hundred thousands digit of 485068332?
0
What is the units digit of 4582602482?
2
What is the units digit of 61275989?
9
What is the ten millions digit of 78657300?
7
What is the units digit of 190084641?
1
What is the tens digit of 78204875?
7
What is the tens digit of 208752456?
5
What is the units digit of 277117980?
0
What is the hundred thousands digit of 8008583?
0
What is the hundred thousands digit of 4978283433?
2
What is the tens digit of 5953918519?
1
What is the units digit of 2185537005?
5
What is the units digit of 595501117?
7
What is the hundreds digit of 31677317?
3
What is the thousands digit of 82904125?
4
What is the ten thousands digit of 80363539?
6
What is the ten thousands digit of 1316518766?
1
What is the units digit of 280453442?
2
What is the hundred thousands digit of 547169183?
1
What is the millions digit of 215408072?
5
What is the ten millions digit of 158684175?
5
What is the ten millions digit of 126923376?
2
What is the millions digit of 1220628559?
0
What is the ten millions digit of 5169294163?
6
What is the millions digit of 78314085?
8
What is the thousands digit of 1256170691?
0
What is the hundreds digit of 461052498?
4
What is the ten millions digit of 3254399800?
5
What is the hundred thousands digit of 1646585022?
5
What is the units digit of 308170259?
9
What is the hundreds digit of 122178261?
2
What is the millions digit of 34218702?
4
What is the hundred thousands digit of 56553448?
5
What is the ten millions digit of 563532711?
6
What is the tens digit of 574952177?
7
What is the thousands digit of 2765662315?
2
What is the thousands digit of 475662268?
2
What is the thousands digit of 144186834?
6
What is the billions digit of 3916838571?
3
What is the hundreds digit of 100622891?
8
What is the tens digit of 202807166?
6
What is the hundred millions digit of 1460709883?
4
What is the units digit of 48655830?
0
What is the ten thousands digit of 158752166?
5
What is the thousands digit of 1569027090?
7
What is the tens digit of 4039177373?
7
What is the millions digit of 148818695?
8
What is the millions digit of 1925200225?
5
What is the hundred millions digit of 1275414532?
2
What is the hundred thousands digit of 79794786?
7
What is the hundred thousands digit of 374430805?
4
What is the hundreds digit of 17335303?
3
What is the ten thousands digit of 1293810668?
1
What is the hundred millions digit of 2831280004?
8
What is the hundreds digit of 24014448?
4
What is the ten millions digit of 156789804?
5
What is the hundreds digit of 265567971?
9
What is the units digit of 445086222?
2
What is the tens digit of 328011874?
7
What is the hundred thousands digit of 59522974?
5
What is the thousands digit of 1290143677?
3
What is the tens digit of 23615592?
9
What is the thousands digit of 626389241?
9
What is the units digit of 5809604?
4
What is the hundreds digit of 21926079?
0
What is the units digit of 81005702?
2
What is the hundred thousands digit of 212598087?
5
What is the hundred millions digit of 2430706061?
4
What is the units digit of 1136222998?
8
What is the hundreds digit of 169466648?
6
What is the billions digit of 1266863392?
1
What is the ten thousands digit of 75985016?
8
What is the hundred millions digit of 6063455792?
0
What is the tens digit of 2088318932?
3
What is the hundred thousands digit of 21576986?
5
What is the hundred thousands digit of 2859386661?
3
What is the units digit of 33361082?
2
What is the tens digit of 101874312?
1
What is the hundred millions digit of 259965730?
2
What is the ten millions digit of 145110787?
4
What is the ten millions digit of 11025546?
1
What is the ten thousands digit of 8147482?
4
What is the thousands digit of 79387075?
7
What is the ten thousands digit of 824118538?
1
What is the thousands digit of 96126035?
6
What is the hundred thousands digit of 19088227?
0
What is the thousands digit of 594171457?
1
What is the thousands digit of 1953637421?
7
What is the millions digit of 700629271?
0
What is the millions digit of 264644237?
4
What is the tens digit of 144056111?
1
What is the hundred millions digit of 3143049713?
1
What is the tens digit of 77009220?
2
What is the millions digit of 18470603?
8
What is the hundred thousands digit of 56546385?
5
What is the hundred millions digit of 125966806?
1
What is the millions digit of 81232232?
1
What is the tens digit of 1600634043?
4
What is the hundred millions digit of 214302644?
2
What is the tens digit of 46967719?
1
What is the tens digit of 23412065?
6
What is the ten millions digit of 17040448?
1
What is the ten thousands digit of 262634578?
3
What is the hundred thousands digit of 110317056?
3
What is the millions digit of 6128784189?
8
What is the hundreds digit of 42659623?
6
What is the units digit of 26266922